{"id":107037,"date":"2021-11-19T11:37:50","date_gmt":"2021-11-19T10:37:50","guid":{"rendered":"https:\/\/pp.videlio.com\/agences-int\/geneve-suisse\/?page_id=107037"},"modified":"2023-11-03T04:38:50","modified_gmt":"2023-11-03T03:38:50","slug":"politique-de-confidentialite","status":"publish","type":"page","link":"https:\/\/www.videlio.com\/agences\/geneve-suisse\/politique-de-confidentialite\/","title":{"rendered":"Politique de confidentialit\u00e9"},"content":{"rendered":"<h1>G\u00c9N\u00c9RALIT\u00c9S<\/h1>\n<p>La pr\u00e9sente politique de confidentialit\u00e9 vise \u00e0 vous informer des conditions dans lesquelles vos donn\u00e9es personnelles sont trait\u00e9es dans le cadre de :<\/p>\n<p>1) La navigation sur le site web <a href=\"http:\/\/www.videlio.com\">www.videlio.com<\/a> ;<\/p>\n<p>2) La gestion des activit\u00e9s commerciales ;<\/p>\n<p>3) La gestion du recrutement.<\/p>\n<p>Nous vous pr\u00e9cisons que les traitements de donn\u00e9es personnelles que le Groupe Videlio ou l\u2019une de ses entit\u00e9s met en \u0153uvre sont effectu\u00e9s conform\u00e9ment au R\u00e8glement (UE) 2016\/679 du Parlement europ\u00e9en et du Conseil du 27 avril 2016 (ci-apr\u00e8s \u00ab <strong>RGPD<\/strong> \u00bb), relatif \u00e0 la protection des personnes physiques \u00e0 l\u2019\u00e9gard du traitement des donn\u00e9es personnelles et \u00e0 la libre circulation de ces donn\u00e9es et \u00e0 la loi n\u00b0 78-17 du 6 janvier 1978 modifi\u00e9e, relative \u00e0 l\u2019informatique, aux fichiers et aux libert\u00e9s.<\/p>\n<h2><a name=\"_Toc86419557\"><\/a>D\u00e9finitions<\/h2>\n<p>Groupe Videlio :<\/p>\n<p>\u00b7 La soci\u00e9t\u00e9 <strong>Videlio<\/strong> \u2013 dont le si\u00e8ge social est situ\u00e9 141, avenue des gr\u00e9sillons, 92230 Gennevilliers \u2013 repr\u00e9sent\u00e9e par Xavier Renaud ;<\/p>\n<p>\u00b7 La soci\u00e9t\u00e9 <strong>Videlio Events<\/strong> &#8211; dont le si\u00e8ge social est situ\u00e9 141, avenue des gr\u00e9sillons, 92230 Gennevilliers \u2013 repr\u00e9sent\u00e9e par Guillaume Durieux ;<\/p>\n<p>\u00b7 La soci\u00e9t\u00e9 <strong>Videlio HMS<\/strong> \u2013 dont le si\u00e8ge social est situ\u00e9 25\/27, rue Louis Breguet, 44600 Saint-Nazaire \u2013 repr\u00e9sent\u00e9e par Christophe Grignon.<\/p>\n<p>Nous : Le Groupe Videlio ou l\u2019une de ses entit\u00e9s, selon le contexte.<\/p>\n<p>Vous : Les utilisateurs du site web <a href=\"http:\/\/www.videlio.com\">www.videlio.com<\/a>.<\/p>\n<p>Site web : Le site web accessible via l\u2019URL <a href=\"http:\/\/www.videlio.com\">www.videlio.com<\/a>.<\/p>\n<p>Donn\u00e9e personnelle : Toute information permettant de vous identifier, soit directement, soit indirectement. Par exemple : un nom, un num\u00e9ro d&#8217;identification, des donn\u00e9es de localisation, un identifiant en ligne, etc.<\/p>\n<p>Responsable de traitement : L\u2019organisme priv\u00e9 ou public qui, seul ou conjointement avec d&#8217;autres, d\u00e9termine les finalit\u00e9s et les moyens du traitement.<\/p>\n<p>Destinataire : La personne physique ou morale qui re\u00e7oit communication de donn\u00e9es personnelles.<\/p>\n<p>Sous-traitant : Tout prestataire qui traite des donn\u00e9es \u00e0 caract\u00e8re personnel pour le compte du responsable de traitement, uniquement sur instruction et sous l\u2019autorit\u00e9 dudit responsable de traitement.<\/p>\n<h2><a name=\"_Toc86419558\"><\/a>Coordonn\u00e9es du d\u00e9l\u00e9gu\u00e9 \u00e0 la protection des donn\u00e9es<\/h2>\n<p>Le Groupe Videlio a d\u00e9sign\u00e9 un d\u00e9l\u00e9gu\u00e9 \u00e0 la protection des donn\u00e9es (DPO) aupr\u00e8s de la CNIL, lequel est joignable :<\/p>\n<p>\u00b7 Par mail : <a href=\"mailto:donnees-personnelles@videlio.com\">donnees-personnelles@videlio.com<\/a> ;<\/p>\n<p>\u00b7 Par courrier : D\u00e9l\u00e9gu\u00e9 \u00e0 la Protection des Donn\u00e9es &#8211; Videlio, 141, Avenue des gr\u00e9sillons, 92230 -Gennevilliers.<\/p>\n<p>Vous pouvez prendre contact avec lui au sujet de toutes les questions relatives au traitement de vos donn\u00e9es personnelles et \u00e0 l\u2019exercice de vos droits.<\/p>\n<h2><a name=\"_Toc86419559\"><\/a>Vos droits<\/h2>\n<p>Vous pouvez acc\u00e9der aux donn\u00e9es vous concernant, vous opposer au traitement de ces donn\u00e9es, les faire rectifier ou les faire effacer. Vous disposez \u00e9galement d&#8217;un droit \u00e0 la limitation du traitement de vos donn\u00e9es.<\/p>\n<p>Si vous avez consenti au traitement de vos donn\u00e9es personnelles, vous pouvez retirer votre consentement \u00e0 tout moment.<\/p>\n<p>Enfin, vous disposez du droit de d\u00e9poser une r\u00e9clamation aupr\u00e8s de la CNIL en vous rendant sur son site web (<a href=\"https:\/\/www.cnil.fr\/fr\/plaintes\">https:\/\/www.cnil.fr\/fr\/plaintes<\/a>) ou par courrier \u00e0 l\u2019adresse suivante : CNIL &#8211; 3 Place de Fontenoy &#8211; TSA 80715 &#8211; 75334 PARIS CEDEX 07.<\/p>\n<h1><a name=\"_Toc86419560\"><\/a>NAVIGATION SUR LE SITE WEB<\/h1>\n<h2><a name=\"_Toc86419561\"><\/a>Identit\u00e9 et coordonn\u00e9es du responsable de traitement<\/h2>\n<p>Dans le cadre de la navigation sur le Site web, les traitements de donn\u00e9es personnelles sont conjointement mis en \u0153uvre par l\u2019ensemble des entit\u00e9s du Groupe Videlio.<\/p>\n<h2><a name=\"_Toc86419562\"><\/a>Finalit\u00e9s du traitement<\/h2>\n<p><strong>1) La gestion des demandes de contact<\/strong><\/p>\n<p>Vos donn\u00e9es personnelles sont trait\u00e9es en vue de r\u00e9pondre aux demandes que vous nous adressez par le biais des formulaires de contact ou du chat en ligne que nous mettons \u00e0 votre disposition sur le Site web.<\/p>\n<p>Les traitements de donn\u00e9es personnelles mis en \u0153uvre pour la r\u00e9alisation de cette finalit\u00e9 reposent sur l\u2019ex\u00e9cution de mesures pr\u00e9contractuelles.<\/p>\n<p>Les champs marqu\u00e9s d\u2019un ast\u00e9risque doivent \u00eatre obligatoirement renseign\u00e9s.<\/p>\n<p>&nbsp;<\/p>\n<p><strong>2) La gestion des \u00e9v\u00e8nements<\/strong><\/p>\n<p>Vos donn\u00e9es personnelles sont trait\u00e9es en vue de vous inscrire aux \u00e9v\u00e8nements que nous organisons ou vous adresser les livres blancs que nous publions.<\/p>\n<p>Les traitements de donn\u00e9es personnelles mis en \u0153uvre pour la r\u00e9alisation de cette finalit\u00e9 reposent sur l\u2019int\u00e9r\u00eat l\u00e9gitime que nous poursuivons, \u00e0 savoir [<strong>XXX<\/strong>].<\/p>\n<p>Les champs marqu\u00e9s d\u2019un ast\u00e9risque doivent \u00eatre obligatoirement renseign\u00e9s.<\/p>\n<p><strong>3) La production de statistiques d\u2019audience du site web<\/strong><\/p>\n<p>Des statistiques d\u2019audience du Site web sont produites \u00e0 partir de vos donn\u00e9es personnelles, \u00e0 seule fin d\u2019analyse du parcours de navigation pour l\u2019am\u00e9lioration du site ou la d\u00e9tection d\u2019anomalies.<\/p>\n<p>Les traitements de donn\u00e9es personnelles mis en \u0153uvre pour la r\u00e9alisation de cette finalit\u00e9 reposent sur votre consentement. Pour cette finalit\u00e9, la collecte de vos donn\u00e9es personnelles est donc facultative.<\/p>\n<p>Le recueil de votre consentement se fait au moment o\u00f9 nous vous demandons d\u2019autoriser l\u2019utilisation des cookies, Lors de votre premi\u00e8re visite sur le Site.<\/p>\n<h2><a name=\"_Toc86419563\"><\/a>Dur\u00e9e de conservation des donn\u00e9es personnelles<\/h2>\n<table border=\"1\" cellspacing=\"0\" cellpadding=\"0\">\n<tbody>\n<tr>\n<td><strong>Finalit\u00e9s du traitement<\/strong><\/td>\n<td><strong>Dur\u00e9e de conservation<\/strong><\/td>\n<\/tr>\n<tr>\n<td>Gestion des demandes de contact<\/td>\n<td>3 ans \u00e0 compter du denier contact<\/td>\n<\/tr>\n<tr>\n<td>Gestion des \u00e9v\u00e8nements<\/td>\n<td>3 ans \u00e0 compter du dernier contact<\/td>\n<\/tr>\n<tr>\n<td>Production des statistiques d\u2019audience<\/td>\n<td>25 mois<\/td>\n<\/tr>\n<\/tbody>\n<\/table>\n<h2><a name=\"_Toc86419564\"><\/a>Destinataires des donn\u00e9es personnelles<\/h2>\n<p>Les donn\u00e9es personnelles collect\u00e9es dans le cadre de la navigation sur le Site web sont accessibles :<\/p>\n<table border=\"1\" cellspacing=\"0\" cellpadding=\"0\">\n<tbody>\n<tr>\n<td><\/td>\n<td><strong>Destinataire<\/strong><\/td>\n<\/tr>\n<tr>\n<td rowspan=\"3\"><strong>En interne<\/strong><\/td>\n<td>Direction commerciale<\/td>\n<\/tr>\n<tr>\n<td>Direction marketing &amp; communication<\/td>\n<\/tr>\n<tr>\n<td>Direction des syst\u00e8mes d\u2019information<\/td>\n<\/tr>\n<tr>\n<td rowspan=\"2\"><strong>En externe<\/strong><\/td>\n<td>\u00c9diteurs des solutions suivantes : plateforme de gestion de la relation client (CRM), solution de mesure d\u2019audience, logiciel de chat en ligne, logiciel de visioconf\u00e9rence, suite bureautique<\/td>\n<\/tr>\n<tr>\n<td>Prestataire d\u2019h\u00e9bergement<\/td>\n<\/tr>\n<\/tbody>\n<\/table>\n<h2><a name=\"_Toc86419565\"><\/a>Transfert de donn\u00e9es personnelles vers un pays hors UE<\/h2>\n<p>Dans le cadre des traitements de donn\u00e9es personnelles mis en \u0153uvre dans le cadre de la navigation sur le Site web, nous avons recours \u00e0 des sous-traitants dont le si\u00e8ge social est situ\u00e9 en dehors de l\u2019Union europ\u00e9enne. Vos donn\u00e9es personnelles sont donc susceptibles de faire l\u2019objet d\u2019un transfert en dehors de l\u2019Union europ\u00e9enne, lesquels sont encadr\u00e9s.<\/p>\n<table border=\"1\" cellspacing=\"0\" cellpadding=\"0\">\n<tbody>\n<tr>\n<td><strong>Destinataire<\/strong><\/td>\n<td><strong>Pays<\/strong><\/td>\n<td><strong>Type de garanties<\/strong><\/td>\n<td><strong>Lien vers la documentation<\/strong><\/td>\n<\/tr>\n<tr>\n<td>Salesforce<\/td>\n<td>Etats-Unis<\/td>\n<td>Clauses contractuelles types et r\u00e8gles d\u2019entreprise contraignantes<\/td>\n<td><a href=\"https:\/\/www.salesforce.com\/fr\/company\/privacy\/\">https :\/\/www.salesforce.com\/fr\/company\/privacy\/<\/a><\/td>\n<\/tr>\n<tr>\n<td>Google<\/td>\n<td>Etats-Unis<\/td>\n<td>Clauses contractuelles types<\/td>\n<td><a href=\"https:\/\/policies.google.com\/privacy\/frameworks?hl=en-US\">https :\/\/policies.google.com\/privacy\/frameworks?hl=en-US<\/a><\/td>\n<\/tr>\n<tr>\n<td>Microsoft<\/td>\n<td>Etats-Unis<\/td>\n<td>Clauses contractuelles types<\/td>\n<td><a href=\"https:\/\/www.microsoft.com\/licensing\/docs\/view\/Microsoft-Products-and-Services-Data-Protection-Addendum-DPA\">https :\/\/www.microsoft.com\/licensing\/docs\/view\/Microsoft-Products-and-Services-Data-Protection-Addendum-DPA<\/a><\/td>\n<\/tr>\n<tr>\n<td>Zoom<\/td>\n<td>Etats-Unis<\/td>\n<td>Clauses contractuelles types<\/td>\n<td><a href=\"https:\/\/explore.zoom.us\/docs\/doc\/EEA_Transfer_of_Data.pdf\">https :\/\/explore.zoom.us\/docs\/doc\/EEA_Transfer_of_Data.pdf<\/a><\/td>\n<\/tr>\n<tr>\n<td>Tidio<\/td>\n<td>Etats-Unis<\/td>\n<td>Clauses contractuelles types<\/td>\n<td><a href=\"https:\/\/www.tidio.com\/wp-content\/uploads\/Standard-contractual-clauses.pdf\">https :\/\/www.tidio.com\/wp-content\/uploads\/Standard-contractual-clauses.pdf<\/a><\/td>\n<\/tr>\n<\/tbody>\n<\/table>\n<h1><a name=\"_Toc86419566\"><\/a>GESTION DES ACTIVIT\u00c9S COMMERCIALES<\/h1>\n<h2><a name=\"_Toc86419567\"><\/a>Identit\u00e9 et coordonn\u00e9es des responsables de traitement<\/h2>\n<p>Dans le cadre de la gestion des activit\u00e9s commerciales, les traitements de donn\u00e9es personnelles sont mis en \u0153uvre par l\u2019entit\u00e9 du Groupe Videlio avec laquelle vous contractez ou qui est \u00e0 l\u2019origine de l\u2019op\u00e9ration de prospection commerciale.<\/p>\n<h2><a name=\"_Toc86419568\"><\/a>Finalit\u00e9s du traitement<\/h2>\n<p><strong>1) La prospection commerciale<\/strong><\/p>\n<p>Vos donn\u00e9es personnelles sont trait\u00e9es en vue de mener des actions de prospection commerciale.<\/p>\n<p>Les traitements de donn\u00e9es personnelles mis en \u0153uvre pour la r\u00e9alisation de cette finalit\u00e9 reposent sur l\u2019int\u00e9r\u00eat l\u00e9gitime que nous poursuivons, \u00e0 savoir le d\u00e9veloppement de notre activit\u00e9 commerciale.<\/p>\n<p>Il peut nous arriver de collecter vos donn\u00e9es personnelles par l\u2019interm\u00e9diaire de nos partenaires. Dans cette hypoth\u00e8se, nous vous informerons de la source d\u2019o\u00f9 proviennent vos donn\u00e9es personnelles d\u00e8s que nous entrerons en contact avec vous pour la premi\u00e8re fois.<\/p>\n<p>Vous avez la possibilit\u00e9 de vous opposer au traitement de vos donn\u00e9es personnelles \u00e0 des fins de prospection commerciale, \u00e0 tout moment. Il suffit pour cela de cliquer sur le lien qui figure dans le mail qui vous est adress\u00e9 ou de le signaler \u00e0 l\u2019op\u00e9rateur qui prendra contact avec vous par t\u00e9l\u00e9phone.<\/p>\n<p><strong>2) Gestion des contrats<\/strong><\/p>\n<p>Vos donn\u00e9es personnelles sont trait\u00e9es aux fins de gestion des contrats et, plus particuli\u00e8rement, mais sans que cette liste ne soit exhaustive :<\/p>\n<p>\u00b7 G\u00e9rer les commandes ;<\/p>\n<p>\u00b7 Tenir la comptabilit\u00e9 ;<\/p>\n<p>\u00b7 G\u00e9rer le service apr\u00e8s-vente ;<\/p>\n<p>\u00b7 G\u00e9rer les litiges.<\/p>\n<p>Les traitements de donn\u00e9es personnelles mis en \u0153uvre reposent :<\/p>\n<p>\u00b7 Pour la gestion des commandes et du service apr\u00e8s-vente : sur l\u2019ex\u00e9cution du contrat ;<\/p>\n<p>\u00b7 Pour la tenue de la comptabilit\u00e9 : sur le respect d\u2019une obligation l\u00e9gale ;<\/p>\n<p>\u00b7 Pour la gestion des litiges : sur notre int\u00e9r\u00eat l\u00e9gitime, \u00e0 savoir la constatation, l\u2019exercice ou la d\u00e9fense de nos droits en justice.<\/p>\n<p>Pour ces finalit\u00e9s, la collecte de vos donn\u00e9es personnelles est obligatoire, sauf mention contraire.<\/p>\n<p>&nbsp;<\/p>\n<h2><a name=\"_Toc86419569\"><\/a>Dur\u00e9e de conservation des donn\u00e9es personnelles<\/h2>\n<table border=\"1\" cellspacing=\"0\" cellpadding=\"0\">\n<tbody>\n<tr>\n<td><strong>Finalit\u00e9s du traitement<\/strong><\/td>\n<td><strong>Dur\u00e9e de conservation<\/strong><\/td>\n<\/tr>\n<tr>\n<td>Prospection commerciale<\/td>\n<td>Base active : trois ans \u00e0 compter du dernier contact<\/td>\n<\/tr>\n<tr>\n<td>Gestion des commandes<\/p>\n<p>Gestion du service apr\u00e8s-vente<\/td>\n<td>Base active : pendant la dur\u00e9e du contrat et des garanties applicables<\/td>\n<\/tr>\n<tr>\n<td>Gestion des litiges<\/td>\n<td>Archivage interm\u00e9diaire : d\u00e9lais de prescription applicables<\/td>\n<\/tr>\n<tr>\n<td>Tenue de la comptabilit\u00e9<\/td>\n<td>Archivage interm\u00e9diaire : dix ans \u00e0 compter de la cl\u00f4ture de l\u2019exercice comptable<\/td>\n<\/tr>\n<\/tbody>\n<\/table>\n<h2><a name=\"_Toc86419570\"><\/a>Destinataires des donn\u00e9es personnelles<\/h2>\n<p>Les donn\u00e9es personnelles collect\u00e9es dans le cadre de la gestion des activit\u00e9s commerciales sont accessibles :<\/p>\n<table border=\"1\" cellspacing=\"0\" cellpadding=\"0\">\n<tbody>\n<tr>\n<td><\/td>\n<td><strong>Destinataire<\/strong><\/td>\n<\/tr>\n<tr>\n<td rowspan=\"6\"><strong>En interne<\/strong><\/td>\n<td>Direction commerciale<\/td>\n<\/tr>\n<tr>\n<td>Direction marketing &amp; communication<\/td>\n<\/tr>\n<tr>\n<td>Direction juridique<\/td>\n<\/tr>\n<tr>\n<td>Direction des syst\u00e8mes d\u2019information<\/td>\n<\/tr>\n<tr>\n<td>Direction technique<\/td>\n<\/tr>\n<tr>\n<td>Direction financi\u00e8re<\/td>\n<\/tr>\n<tr>\n<td rowspan=\"4\"><strong>En externe<\/strong><\/td>\n<td>\u00c9diteurs des solutions suivantes : plateforme de gestion de la relation client (CRM), logiciel de gestion d\u2019entreprise, suite bureautique<\/td>\n<\/tr>\n<tr>\n<td>Prestataire d\u2019h\u00e9bergement<\/td>\n<\/tr>\n<tr>\n<td>Fournisseurs<\/td>\n<\/tr>\n<tr>\n<td>Cabinets d\u2019avocats<\/td>\n<\/tr>\n<\/tbody>\n<\/table>\n<h2><a name=\"_Toc86419571\"><\/a>Transfert de donn\u00e9es personnelles vers un pays hors UE<\/h2>\n<p>Dans le cadre des traitements de donn\u00e9es personnelles mis en \u0153uvre dans le cadre de la gestion des activit\u00e9s commerciales, nous avons recours \u00e0 des sous-traitants dont le si\u00e8ge social est situ\u00e9 en dehors de l\u2019Union europ\u00e9enne. Vos donn\u00e9es personnelles sont donc susceptibles de faire l\u2019objet d\u2019un transfert en dehors de l\u2019Union europ\u00e9enne, lesquels sont encadr\u00e9s.<\/p>\n<table border=\"1\" cellspacing=\"0\" cellpadding=\"0\">\n<tbody>\n<tr>\n<td><strong>Destinataire<\/strong><\/td>\n<td><strong>Pays<\/strong><\/td>\n<td><strong>Type de garanties<\/strong><\/td>\n<td><strong>Lien vers la documentation<\/strong><\/td>\n<\/tr>\n<tr>\n<td>Salesforce<\/td>\n<td>Etats-Unis<\/td>\n<td>Clauses contractuelles types et r\u00e8gles d\u2019entreprise contraignantes<\/td>\n<td><a href=\"https:\/\/www.salesforce.com\/fr\/company\/privacy\/\">https :\/\/www.salesforce.com\/fr\/company\/privacy\/<\/a><\/td>\n<\/tr>\n<tr>\n<td>Microsoft<\/td>\n<td>Etats-Unis<\/td>\n<td>Clauses contractuelles types<\/td>\n<td><a href=\"https:\/\/www.microsoft.com\/licensing\/docs\/view\/Microsoft-Products-and-Services-Data-Protection-Addendum-DPA\">https :\/\/www.microsoft.com\/licensing\/docs\/view\/Microsoft-Products-and-Services-Data-Protection-Addendum-DPA<\/a><\/td>\n<\/tr>\n<\/tbody>\n<\/table>\n<h1><a name=\"_Toc86419572\"><\/a>GESTION DU RECRUTEMENT<\/h1>\n<h2><a name=\"_Toc86419573\"><\/a>Identit\u00e9 et coordonn\u00e9es des responsables de traitement<\/h2>\n<p>Dans le cadre de la gestion du recrutement, les traitements de donn\u00e9es personnelles sont mis en \u0153uvre par l\u2019entit\u00e9 du Groupe Videlio ayant publi\u00e9 l\u2019offre d\u2019emploi.<\/p>\n<h2><a name=\"_Toc86419574\"><\/a>Finalit\u00e9s du traitement<\/h2>\n<p>Vos donn\u00e9es personnelles sont trait\u00e9es en vue de mener de traiter les candidatures, g\u00e9rer les entretiens et constituer une CVth\u00e8que, alimenter le dossier administratif des candidats retenus.<\/p>\n<p>Les traitements de donn\u00e9es personnelles mis en \u0153uvre reposent :<\/p>\n<p>\u00b7 Pour le traitement des candidatures, la gestion des entretiens et l\u2019alimentation du dossier administratif : sur l\u2019ex\u00e9cution de mesures pr\u00e9contractuelles et contractuelles ;<\/p>\n<p>\u00b7 Pour la constitution d\u2019une CVth\u00e8que, sur l\u2019int\u00e9r\u00eat l\u00e9gitime que nous poursuivons, \u00e0 savoir disposer, \u00e0 port\u00e9e de main, de profils pertinents afin d\u2019\u00eatre plus r\u00e9actif en cas de n\u00e9cessit\u00e9 de recruter.<\/p>\n<p>Pour ces finalit\u00e9s, la collecte de vos donn\u00e9es personnelles est obligatoire, sauf mention contraire.<\/p>\n<h2><a name=\"_Toc86419577\"><\/a>Dur\u00e9e de conservation des donn\u00e9es personnelles<\/h2>\n<table border=\"1\" cellspacing=\"0\" cellpadding=\"0\">\n<tbody>\n<tr>\n<td><strong>Finalit\u00e9s du traitement<\/strong><\/td>\n<td><strong>Dur\u00e9e de conservation<\/strong><\/td>\n<\/tr>\n<tr>\n<td>Traitement des candidatures et gestion des entretiens<\/td>\n<td>Base active : pendant toute la dur\u00e9e du processus de recrutement<\/p>\n<p>Archivage interm\u00e9diaire : d\u00e9lais de prescription applicables<\/td>\n<\/tr>\n<tr>\n<td>Constitution d\u2019une CVth\u00e8que<\/td>\n<td>Base active : deux ans \u00e0 compter du dernier contact avec le candidat non retenu<\/td>\n<\/tr>\n<tr>\n<td>Alimentation du dossier administratif des candidats retenus<\/td>\n<td>Base active : pendant toute la dur\u00e9e de la relation de travail<\/p>\n<p>Archivage interm\u00e9diaire : d\u00e9lais de prescription applicables<\/td>\n<\/tr>\n<\/tbody>\n<\/table>\n<h2><a name=\"_Toc86419575\"><\/a>Destinataires des donn\u00e9es personnelles<\/h2>\n<p>Les donn\u00e9es personnelles collect\u00e9es dans le cadre de la gestion du recrutement sont accessibles :<\/p>\n<table border=\"1\" cellspacing=\"0\" cellpadding=\"0\">\n<tbody>\n<tr>\n<td><\/td>\n<td><strong>Destinataire<\/strong><\/td>\n<\/tr>\n<tr>\n<td rowspan=\"2\"><strong>En interne<\/strong><\/td>\n<td>Direction des ressources humaines<\/td>\n<\/tr>\n<tr>\n<td>Managers au sein du service qui recrute<\/td>\n<\/tr>\n<tr>\n<td rowspan=\"2\"><strong>En externe<\/strong><\/td>\n<td>\u00c9diteur de la suite bureautique<\/td>\n<\/tr>\n<tr>\n<td>Prestataire d\u2019h\u00e9bergement<\/td>\n<\/tr>\n<\/tbody>\n<\/table>\n<h2><a name=\"_Toc86419576\"><\/a>Transfert de donn\u00e9es personnelles vers un pays hors UE<\/h2>\n<p>Dans le cadre des traitements de donn\u00e9es personnelles mis en \u0153uvre dans le cadre de la gestion du recrutement, nous avons recours \u00e0 des sous-traitants dont le si\u00e8ge social est situ\u00e9 en dehors de l\u2019Union europ\u00e9enne. Vos donn\u00e9es personnelles sont donc susceptibles de faire l\u2019objet d\u2019un transfert en dehors de l\u2019Union europ\u00e9enne, lesquels sont encadr\u00e9s.<\/p>\n<table border=\"1\" cellspacing=\"0\" cellpadding=\"0\">\n<tbody>\n<tr>\n<td><strong>Destinataire<\/strong><\/td>\n<td><strong>Pays<\/strong><\/td>\n<td><strong>Type de garanties<\/strong><\/td>\n<td><strong>Lien vers la documentation<\/strong><\/td>\n<\/tr>\n<tr>\n<td>Microsoft<\/td>\n<td>Etats-Unis<\/td>\n<td>Clauses contractuelles types<\/td>\n<td><a href=\"https:\/\/www.microsoft.com\/licensing\/docs\/view\/Microsoft-Products-and-Services-Data-Protection-Addendum-DPA\">https :\/\/www.microsoft.com\/licensing\/docs\/view\/Microsoft-Products-and-Services-Data-Protection-Addendum-DPA<\/a><\/td>\n<\/tr>\n<\/tbody>\n<\/table>\n<p>&nbsp;<\/p>\n","protected":false},"excerpt":{"rendered":"<p>G\u00c9N\u00c9RALIT\u00c9S La pr\u00e9sente politique de confidentialit\u00e9 vise \u00e0 vous informer des conditions dans lesquelles vos donn\u00e9es personnelles sont trait\u00e9es dans le cadre de : 1) La navigation sur le site web www.videlio.com ; 2) La gestion des activit\u00e9s commerciales ; 3) La gestion du recrutement. Nous vous pr\u00e9cisons que les traitements de donn\u00e9es personnelles que le Groupe Videlio ou l\u2019une de ses entit\u00e9s met en \u0153uvre sont effectu\u00e9s conform\u00e9ment au R\u00e8glement (UE) 2016\/679 du Parlement europ\u00e9en et du Conseil du 27 avril 2016 (ci-apr\u00e8s \u00ab RGPD \u00bb), relatif \u00e0 la protection des personnes physiques \u00e0 l\u2019\u00e9gard du traitement des donn\u00e9es personnelles et \u00e0 la libre circulation de ces donn\u00e9es et \u00e0 la loi n\u00b0 78-17 du 6 janvier 1978 modifi\u00e9e, relative \u00e0 l\u2019informatique, aux fichiers et aux libert\u00e9s. D\u00e9finitions Groupe Videlio : \u00b7 La soci\u00e9t\u00e9 Videlio \u2013 dont le si\u00e8ge social est situ\u00e9 141, avenue des gr\u00e9sillons, 92230 Gennevilliers \u2013 repr\u00e9sent\u00e9e par Xavier Renaud ; \u00b7 La soci\u00e9t\u00e9 Videlio Events &#8211; dont le si\u00e8ge social est situ\u00e9 141, avenue des gr\u00e9sillons, 92230 Gennevilliers \u2013 repr\u00e9sent\u00e9e par Guillaume Durieux ; \u00b7 La soci\u00e9t\u00e9 Videlio HMS \u2013 dont le si\u00e8ge social est situ\u00e9 25\/27, rue Louis Breguet, 44600 Saint-Nazaire \u2013 repr\u00e9sent\u00e9e par&#8230;<\/p>\n","protected":false},"author":1,"featured_media":0,"parent":0,"menu_order":0,"comment_status":"closed","ping_status":"closed","template":"","meta":{"footnotes":""},"class_list":["post-107037","page","type-page","status-publish","hentry"],"acf":[],"_links":{"self":[{"href":"https:\/\/www.videlio.com\/agences\/geneve-suisse\/wp-json\/wp\/v2\/pages\/107037","targetHints":{"allow":["GET"]}}],"collection":[{"href":"https:\/\/www.videlio.com\/agences\/geneve-suisse\/wp-json\/wp\/v2\/pages"}],"about":[{"href":"https:\/\/www.videlio.com\/agences\/geneve-suisse\/wp-json\/wp\/v2\/types\/page"}],"author":[{"embeddable":true,"href":"https:\/\/www.videlio.com\/agences\/geneve-suisse\/wp-json\/wp\/v2\/users\/1"}],"replies":[{"embeddable":true,"href":"https:\/\/www.videlio.com\/agences\/geneve-suisse\/wp-json\/wp\/v2\/comments?post=107037"}],"version-history":[{"count":0,"href":"https:\/\/www.videlio.com\/agences\/geneve-suisse\/wp-json\/wp\/v2\/pages\/107037\/revisions"}],"wp:attachment":[{"href":"https:\/\/www.videlio.com\/agences\/geneve-suisse\/wp-json\/wp\/v2\/media?parent=107037"}],"curies":[{"name":"wp","href":"https:\/\/api.w.org\/{rel}","templated":true}]}}