{"id":103243,"date":"2021-08-04T22:55:56","date_gmt":"2021-08-04T20:55:56","guid":{"rendered":"https:\/\/videlio2021.pacom1.com\/services\/"},"modified":"2021-09-29T11:19:38","modified_gmt":"2021-09-29T09:19:38","slug":"services","status":"publish","type":"page","link":"https:\/\/www.videlio.com\/agences\/geneve-suisse\/services\/","title":{"rendered":"Services"},"content":{"rendered":"<div class=\"wpb-content-wrapper\"><section data-vc-full-width=\"true\" data-vc-full-width-init=\"false\" class=\"vc_row wpb_row vc_row-fluid  vc_custom_1628157316836   hongo-stretch-content hongo-stretch-row-container\"><div class=\"wpb_column vc_column_container col-xs-mobile-fullwidth vc_col-sm-12\"><div class=\"vc_column-inner\"><div class=\"wpb_wrapper\">\n\t\t\t<!-- START 2021  Services REVOLUTION SLIDER 6.6.13 --><p class=\"rs-p-wp-fix\"><\/p>\n\t\t\t<rs-module-wrap id=\"rev_slider_11_1_wrapper\" data-source=\"gallery\" style=\"visibility:hidden;background:transparent;padding:0;margin:0px auto;margin-top:0;margin-bottom:0;\">\n\t\t\t\t<rs-module id=\"rev_slider_11_1\" style=\"\" data-version=\"6.6.13\">\n\t\t\t\t\t<rs-slides style=\"overflow: hidden; position: absolute;\">\n\t\t\t\t\t\t<rs-slide style=\"position: absolute;\" data-key=\"rs-22\" data-title=\"Slide\" data-anim=\"adpr:false;\" data-in=\"o:0;\" data-out=\"a:false;\">\n\t\t\t\t\t\t\t<img decoding=\"async\" src=\"\/\/www.videlio.com\/agences\/geneve-suisse\/wp-content\/plugins\/revslider\/public\/assets\/assets\/dummy.png\" alt=\"Slide\" title=\"Services\" class=\"rev-slidebg tp-rs-img rs-lazyload\" data-lazyload=\"\/\/www.videlio.com\/agences\/geneve-suisse\/wp-content\/plugins\/revslider\/public\/assets\/assets\/transparent.png\" data-no-retina>\n<!--\n\t\t\t\t\t\t\t--><rs-layer\n\t\t\t\t\t\t\t\tid=\"slider-11-slide-22-layer-0\" \n\t\t\t\t\t\t\t\tdata-type=\"image\"\n\t\t\t\t\t\t\t\tdata-rsp_ch=\"on\"\n\t\t\t\t\t\t\t\tdata-xy=\"xo:-200px,-200px,-200px,-77px;y:m;\"\n\t\t\t\t\t\t\t\tdata-text=\"w:normal;s:20,20,20,7;l:0,0,0,9;\"\n\t\t\t\t\t\t\t\tdata-dim=\"w:450px,450px,450px,173px;h:496px,496px,496px,191px;\"\n\t\t\t\t\t\t\t\tdata-frame_0=\"x:-50,-50,-50,-19;\"\n\t\t\t\t\t\t\t\tdata-frame_1=\"sp:1000;\"\n\t\t\t\t\t\t\t\tdata-frame_999=\"o:0;st:w;sR:8000;\"\n\t\t\t\t\t\t\t\tstyle=\"z-index:9;\"\n\t\t\t\t\t\t\t><img decoding=\"async\" src=\"\/\/www.videlio.com\/agences\/geneve-suisse\/wp-content\/plugins\/revslider\/public\/assets\/assets\/dummy.png\" alt=\"\" class=\"tp-rs-img rs-lazyload\" width=\"450\" height=\"496\" data-lazyload=\"\/\/www.videlio.com\/wp-content\/uploads\/2021\/08\/fleche.png\" data-no-retina> \n\t\t\t\t\t\t\t<\/rs-layer><!--\n\n\t\t\t\t\t\t\t--><rs-layer\n\t\t\t\t\t\t\t\tid=\"slider-11-slide-22-layer-3\" \n\t\t\t\t\t\t\t\tdata-type=\"text\"\n\t\t\t\t\t\t\t\tdata-color=\"#28363a\"\n\t\t\t\t\t\t\t\tdata-rsp_ch=\"on\"\n\t\t\t\t\t\t\t\tdata-xy=\"xo:125px,125px,125px,20px;y:m;yo:-8px,-8px,-8px,-67px;\"\n\t\t\t\t\t\t\t\tdata-text=\"w:normal;s:80,80,80,30;l:90,90,90,34;fw:700,700,700,300;\"\n\t\t\t\t\t\t\t\tdata-dim=\"w:614px,614px,614px,237px;\"\n\t\t\t\t\t\t\t\tdata-frame_0=\"y:-50,-50,-50,-19;\"\n\t\t\t\t\t\t\t\tdata-frame_1=\"st:530;sp:1000;sR:530;\"\n\t\t\t\t\t\t\t\tdata-frame_999=\"o:0;st:w;sR:7470;\"\n\t\t\t\t\t\t\t\tstyle=\"z-index:10;font-family:'itc-avant-garde-gothic-pro';\"\n\t\t\t\t\t\t\t>Services \n\t\t\t\t\t\t\t<\/rs-layer><!--\n\n\t\t\t\t\t\t\t--><rs-layer\n\t\t\t\t\t\t\t\tid=\"slider-11-slide-22-layer-4\" \n\t\t\t\t\t\t\t\tdata-type=\"text\"\n\t\t\t\t\t\t\t\tdata-color=\"#28363a\"\n\t\t\t\t\t\t\t\tdata-rsp_ch=\"on\"\n\t\t\t\t\t\t\t\tdata-xy=\"xo:125px,125px,125px,20px;y:b;yo:57px,57px,57px,10px;\"\n\t\t\t\t\t\t\t\tdata-text=\"w:normal;s:24,24,24,18;l:30,30,30,20;fw:500,500,500,300;\"\n\t\t\t\t\t\t\t\tdata-dim=\"w:494px,494px,494px,290px;\"\n\t\t\t\t\t\t\t\tdata-frame_0=\"y:50,50,50,19;\"\n\t\t\t\t\t\t\t\tdata-frame_1=\"st:1010;sp:1000;sR:1010;\"\n\t\t\t\t\t\t\t\tdata-frame_999=\"o:0;st:w;sR:6990;\"\n\t\t\t\t\t\t\t\tstyle=\"z-index:11;font-family:'itc-avant-garde-gothic-pro';\"\n\t\t\t\t\t\t\t>Les experts Videlio vous accompagnent dans toutes les \u00e9tapes de vos r\u00e9flexions et projets.  L'ensemble des services propos\u00e9s a pour objectif de faciliter et enrichir l'exp\u00e9rience des solutions d\u00e9ploy\u00e9es pour les utilisateurs  \n\t\t\t\t\t\t\t<\/rs-layer><!--\n\n\t\t\t\t\t\t\t--><rs-layer\n\t\t\t\t\t\t\t\tid=\"slider-11-slide-22-layer-5\" \n\t\t\t\t\t\t\t\tdata-type=\"image\"\n\t\t\t\t\t\t\t\tdata-rsp_ch=\"on\"\n\t\t\t\t\t\t\t\tdata-xy=\"xo:633px,633px,633px,315px;y:m;yo:-18px,-18px,-18px,0;\"\n\t\t\t\t\t\t\t\tdata-text=\"w:normal;s:20,20,20,7;l:0,0,0,9;\"\n\t\t\t\t\t\t\t\tdata-dim=\"w:962px,962px,962px,465px;h:641px,641px,641px,310px;\"\n\t\t\t\t\t\t\t\tdata-frame_0=\"y:-50,-50,-50,-19;\"\n\t\t\t\t\t\t\t\tdata-frame_1=\"st:790;sp:1000;sR:790;\"\n\t\t\t\t\t\t\t\tdata-frame_999=\"o:0;st:w;sR:7210;\"\n\t\t\t\t\t\t\t\tstyle=\"z-index:8;\"\n\t\t\t\t\t\t\t><img decoding=\"async\" src=\"\/\/www.videlio.com\/agences\/geneve-suisse\/wp-content\/plugins\/revslider\/public\/assets\/assets\/dummy.png\" alt=\"\" class=\"tp-rs-img rs-lazyload\" width=\"1742\" height=\"1161\" data-lazyload=\"\/\/www.videlio.com\/wp-content\/uploads\/2021\/08\/videlio-services-audiovisuel-4.jpg\" data-no-retina> \n\t\t\t\t\t\t\t<\/rs-layer><!--\n-->\t\t\t\t\t\t<\/rs-slide>\n\t\t\t\t\t\t<rs-slide style=\"position: absolute;\" data-key=\"rs-41\" data-title=\"Slide\" data-anim=\"adpr:false;\" data-in=\"o:0;\" data-out=\"a:false;\">\n\t\t\t\t\t\t\t<img decoding=\"async\" src=\"\/\/www.videlio.com\/agences\/geneve-suisse\/wp-content\/plugins\/revslider\/public\/assets\/assets\/dummy.png\" alt=\"Slide\" title=\"Services\" class=\"rev-slidebg tp-rs-img rs-lazyload\" data-lazyload=\"\/\/www.videlio.com\/agences\/geneve-suisse\/wp-content\/plugins\/revslider\/public\/assets\/assets\/transparent.png\" data-no-retina>\n<!--\n\t\t\t\t\t\t\t--><rs-layer\n\t\t\t\t\t\t\t\tid=\"slider-11-slide-41-layer-0\" \n\t\t\t\t\t\t\t\tdata-type=\"image\"\n\t\t\t\t\t\t\t\tdata-rsp_ch=\"on\"\n\t\t\t\t\t\t\t\tdata-xy=\"xo:-200px,-200px,-200px,-77px;y:m;\"\n\t\t\t\t\t\t\t\tdata-text=\"w:normal;s:20,20,20,7;l:0,0,0,9;\"\n\t\t\t\t\t\t\t\tdata-dim=\"w:450px,450px,450px,173px;h:496px,496px,496px,191px;\"\n\t\t\t\t\t\t\t\tdata-frame_0=\"x:-50,-50,-50,-19;\"\n\t\t\t\t\t\t\t\tdata-frame_1=\"sp:1000;\"\n\t\t\t\t\t\t\t\tdata-frame_999=\"o:0;st:w;sR:8000;\"\n\t\t\t\t\t\t\t\tstyle=\"z-index:9;\"\n\t\t\t\t\t\t\t><img decoding=\"async\" src=\"\/\/www.videlio.com\/agences\/geneve-suisse\/wp-content\/plugins\/revslider\/public\/assets\/assets\/dummy.png\" alt=\"\" class=\"tp-rs-img rs-lazyload\" width=\"450\" height=\"496\" data-lazyload=\"\/\/www.videlio.com\/wp-content\/uploads\/2021\/08\/fleche.png\" data-no-retina> \n\t\t\t\t\t\t\t<\/rs-layer><!--\n\n\t\t\t\t\t\t\t--><rs-layer\n\t\t\t\t\t\t\t\tid=\"slider-11-slide-41-layer-3\" \n\t\t\t\t\t\t\t\tdata-type=\"text\"\n\t\t\t\t\t\t\t\tdata-color=\"#28363a\"\n\t\t\t\t\t\t\t\tdata-rsp_ch=\"on\"\n\t\t\t\t\t\t\t\tdata-xy=\"xo:125px,125px,125px,48px;y:m;yo:-8px,-8px,-8px,-2px;\"\n\t\t\t\t\t\t\t\tdata-text=\"w:normal;s:80,80,80,30;l:90,90,90,34;fw:700,700,700,300;\"\n\t\t\t\t\t\t\t\tdata-dim=\"w:614px,614px,614px,237px;\"\n\t\t\t\t\t\t\t\tdata-frame_0=\"y:-50,-50,-50,-19;\"\n\t\t\t\t\t\t\t\tdata-frame_1=\"st:530;sp:1000;sR:530;\"\n\t\t\t\t\t\t\t\tdata-frame_999=\"o:0;st:w;sR:7470;\"\n\t\t\t\t\t\t\t\tstyle=\"z-index:10;font-family:'itc-avant-garde-gothic-pro';\"\n\t\t\t\t\t\t\t>Services \n\t\t\t\t\t\t\t<\/rs-layer><!--\n\n\t\t\t\t\t\t\t--><rs-layer\n\t\t\t\t\t\t\t\tid=\"slider-11-slide-41-layer-4\" \n\t\t\t\t\t\t\t\tdata-type=\"text\"\n\t\t\t\t\t\t\t\tdata-color=\"#28363a\"\n\t\t\t\t\t\t\t\tdata-rsp_ch=\"on\"\n\t\t\t\t\t\t\t\tdata-xy=\"xo:125px,125px,125px,48px;y:b;yo:57px,57px,57px,21px;\"\n\t\t\t\t\t\t\t\tdata-text=\"w:normal;s:24,24,24,8;l:30,30,30,11;fw:500,500,500,300;\"\n\t\t\t\t\t\t\t\tdata-dim=\"w:494px,494px,494px,190px;\"\n\t\t\t\t\t\t\t\tdata-frame_0=\"y:50,50,50,19;\"\n\t\t\t\t\t\t\t\tdata-frame_1=\"st:1010;sp:1000;sR:1010;\"\n\t\t\t\t\t\t\t\tdata-frame_999=\"o:0;st:w;sR:6990;\"\n\t\t\t\t\t\t\t\tstyle=\"z-index:11;font-family:'itc-avant-garde-gothic-pro';\"\n\t\t\t\t\t\t\t>Videlio experts support you at all stages of your thoughts and projects. All the services proposed aim to facilitate and enrich the experience of the systems deployed for users.  \n\t\t\t\t\t\t\t<\/rs-layer><!--\n\n\t\t\t\t\t\t\t--><rs-layer\n\t\t\t\t\t\t\t\tid=\"slider-11-slide-41-layer-5\" \n\t\t\t\t\t\t\t\tdata-type=\"image\"\n\t\t\t\t\t\t\t\tdata-rsp_ch=\"on\"\n\t\t\t\t\t\t\t\tdata-xy=\"xo:633px,633px,633px,244px;y:m;yo:-18px,-18px,-18px,-6px;\"\n\t\t\t\t\t\t\t\tdata-text=\"w:normal;s:20,20,20,7;l:0,0,0,9;\"\n\t\t\t\t\t\t\t\tdata-dim=\"w:962px,962px,962px,372px;h:641px,641px,641px,247px;\"\n\t\t\t\t\t\t\t\tdata-frame_0=\"y:-50,-50,-50,-19;\"\n\t\t\t\t\t\t\t\tdata-frame_1=\"st:790;sp:1000;sR:790;\"\n\t\t\t\t\t\t\t\tdata-frame_999=\"o:0;st:w;sR:7210;\"\n\t\t\t\t\t\t\t\tstyle=\"z-index:8;\"\n\t\t\t\t\t\t\t><img decoding=\"async\" src=\"\/\/www.videlio.com\/agences\/geneve-suisse\/wp-content\/plugins\/revslider\/public\/assets\/assets\/dummy.png\" alt=\"\" class=\"tp-rs-img rs-lazyload\" width=\"1742\" height=\"1161\" data-lazyload=\"\/\/www.videlio.com\/wp-content\/uploads\/2021\/08\/videlio-services-audiovisuel-4.jpg\" data-no-retina> \n\t\t\t\t\t\t\t<\/rs-layer><!--\n-->\t\t\t\t\t\t<\/rs-slide>\n\t\t\t\t\t<\/rs-slides>\n\t\t\t\t<\/rs-module>\n\t\t\t\t<script>\n\t\t\t\t\tsetREVStartSize({c: 'rev_slider_11_1',rl:[1240,1240,1240,480],el:[550,550,550,300],gw:[1240,1240,1240,480],gh:[550,550,550,300],type:'standard',justify:'',layout:'fullwidth',mh:\"0\"});if (window.RS_MODULES!==undefined && window.RS_MODULES.modules!==undefined && window.RS_MODULES.modules[\"revslider111\"]!==undefined) {window.RS_MODULES.modules[\"revslider111\"].once = false;window.revapi11 = undefined;if (window.RS_MODULES.checkMinimal!==undefined) window.RS_MODULES.checkMinimal()}\n\t\t\t\t<\/script>\n\t\t\t<\/rs-module-wrap>\n\t\t\t<!-- END REVOLUTION SLIDER -->\n<\/div><\/div><\/div><\/section><div class=\"vc_row-full-width vc_clearfix\"><\/div><section data-vc-full-width=\"true\" data-vc-full-width-init=\"false\" class=\"vc_row wpb_row vc_row-fluid bg-circle vc_custom_1628113605312   vc_row-has-fill hongo-stretch-content hongo-stretch-row-container\"><div class=\"wpb_column vc_column_container col-xs-mobile-fullwidth vc_col-sm-12\"><div class=\"vc_column-inner\"><div class=\"wpb_wrapper\"><div class=\"vc_row wpb_row vc_inner vc_row-fluid  vc_custom_1627996613599 wow fadeIn\"><div class=\"wpb_column vc_column_container col-xs-mobile-fullwidth vc_col-sm-4\"><div class=\"vc_column-inner\"><div class=\"wpb_wrapper\"><div class=\"hongo-featurebox-wrap hongo-product-featurebox icon-text-style-6 icon_text6-1\"><div class=\"hongo-featurebox-wrapper\"><div class=\"hongo-featurebox-img\"><i class=\"fas fa-chalkboard-teacher icon-extra-large\"><\/i><\/div><div class=\"hongo-featurebox-text alt-font\">Support with the changes<\/div><div class=\"content\">Help your users in getting started with the systems made available to them - and promote adoption.<\/div><\/div><\/div><\/div><\/div><\/div><div class=\"wpb_column vc_column_container col-xs-mobile-fullwidth vc_col-sm-4\"><div class=\"vc_column-inner\"><div class=\"wpb_wrapper\"><div class=\"hongo-featurebox-wrap hongo-product-featurebox icon-text-style-6 icon_text6-2\"><div class=\"hongo-featurebox-wrapper\"><div class=\"hongo-featurebox-img\"><i class=\"fas fa-headset icon-extra-large\"><\/i><\/div><div class=\"hongo-featurebox-text alt-font\">Hotline<br \/>User assistance<\/div><div class=\"content\">Via chat or email, or through a hotline, assist your users to promote their productivity and let them concentrate on the essentials.<\/div><\/div><\/div><\/div><\/div><\/div><div class=\"wpb_column vc_column_container col-xs-mobile-fullwidth vc_col-sm-4\"><div class=\"vc_column-inner\"><div class=\"wpb_wrapper\"><div class=\"hongo-featurebox-wrap hongo-product-featurebox icon-text-style-6 icon_text6-3\"><div class=\"hongo-featurebox-wrapper\"><div class=\"hongo-featurebox-img\"><i class=\"fas fa-comments icon-extra-large\"><\/i><\/div><div class=\"hongo-featurebox-text alt-font\">Advice<\/div><div class=\"content\">Support you upstream of your audiovisual, transmission and post-production projects and put our experience and our experts at your service.<\/div><\/div><\/div><\/div><\/div><\/div><\/div><div class=\"vc_row wpb_row vc_inner vc_row-fluid  vc_custom_1627996621810 wow fadeIn\"><div class=\"wpb_column vc_column_container col-xs-mobile-fullwidth vc_col-sm-4\"><div class=\"vc_column-inner\"><div class=\"wpb_wrapper\"><div class=\"hongo-featurebox-wrap hongo-product-featurebox icon-text-style-6 icon_text6-4\"><div class=\"hongo-featurebox-wrapper\"><div class=\"hongo-featurebox-img\"><i class=\"fas fa-expand icon-extra-large\"><\/i><\/div><div class=\"hongo-featurebox-text alt-font\">Deployment<\/div><div class=\"content\">Qualified and experienced teams to manage logistics: material supply, on-site delivery, programming, configuration and on-site installation while ensuring the integration of information systems.<\/div><\/div><\/div><\/div><\/div><\/div><div class=\"wpb_column vc_column_container col-xs-mobile-fullwidth vc_col-sm-4\"><div class=\"vc_column-inner\"><div class=\"wpb_wrapper\"><div class=\"hongo-featurebox-wrap hongo-product-featurebox icon-text-style-6 icon_text6-5\"><div class=\"hongo-featurebox-wrapper\"><div class=\"hongo-featurebox-img\"><i class=\"fas fa-shipping-fast icon-extra-large\"><\/i><\/div><div class=\"hongo-featurebox-text alt-font\">Staff delegation<br \/>Delegated services<\/div><div class=\"content\">Facilitate the operation of your site and its maintenance with a team of nomadic technicians at the disposal of your users.<\/div><\/div><\/div><\/div><\/div><\/div><div class=\"wpb_column vc_column_container col-xs-mobile-fullwidth vc_col-sm-4\"><div class=\"vc_column-inner\"><div class=\"wpb_wrapper\"><div class=\"hongo-featurebox-wrap hongo-product-featurebox icon-text-style-6 icon_text6-6\"><div class=\"hongo-featurebox-wrapper\"><div class=\"hongo-featurebox-img\"><i class=\"fas fa-cogs icon-extra-large\"><\/i><\/div><div class=\"hongo-featurebox-text alt-font\">Engineering<\/div><div class=\"content\">Videlio experts support you in designing the systems that best meet your challenges: synoptic, architecture, application development, configuration, etc.<\/div><\/div><\/div><\/div><\/div><\/div><\/div><div class=\"vc_row wpb_row vc_inner vc_row-fluid  vc_custom_1627996621810 wow fadeIn\"><div class=\"wpb_column vc_column_container col-xs-mobile-fullwidth vc_col-sm-4\"><div class=\"vc_column-inner\"><div class=\"wpb_wrapper\"><div class=\"hongo-featurebox-wrap hongo-product-featurebox icon-text-style-6 icon_text6-7\"><div class=\"hongo-featurebox-wrapper\"><div class=\"hongo-featurebox-img\"><i class=\"fas fa-binoculars icon-extra-large\"><\/i><\/div><div class=\"hongo-featurebox-text alt-font\">Managed services<\/div><div class=\"content\">Equipment management and supervision.<\/div><\/div><\/div><\/div><\/div><\/div><div class=\"wpb_column vc_column_container col-xs-mobile-fullwidth vc_col-sm-4\"><div class=\"vc_column-inner\"><div class=\"wpb_wrapper\"><div class=\"hongo-featurebox-wrap hongo-product-featurebox icon-text-style-6 icon_text6-8\"><div class=\"hongo-featurebox-wrapper\"><div class=\"hongo-featurebox-img\"><i class=\"fas fa-graduation-cap icon-extra-large\"><\/i><\/div><div class=\"hongo-featurebox-text alt-font\">Training<\/div><div class=\"content\">A training organization for your teams: video, audio, lighting, post-production, etc.<\/div><\/div><\/div><\/div><\/div><\/div><div class=\"wpb_column vc_column_container col-xs-mobile-fullwidth vc_col-sm-4\"><div class=\"vc_column-inner\"><div class=\"wpb_wrapper\"><\/div><\/div><\/div><\/div><\/div><\/div><\/div><\/section><div class=\"vc_row-full-width vc_clearfix\"><\/div><section class=\"vc_row wpb_row vc_row-fluid\"><div class=\"wpb_column vc_column_container col-xs-mobile-fullwidth vc_col-sm-12\"><div class=\"vc_column-inner\"><div class=\"wpb_wrapper\"><div class=\"text-block-content hongo-text-block-1 last-paragraph-no-margin\"><h2><strong>Certifications<\/strong><\/h2>\n<div id=\"gtx-trans\" style=\"position: absolute; left: 216px; top: 62px;\">\n<div class=\"gtx-trans-icon\"><\/div>\n<\/div>\n<\/div><div class=\"text-block-content hongo-text-block-2 last-paragraph-no-margin\"><p><span class=\"TextRun SCXW179094124 BCX0\" lang=\"FR-FR\" xml:lang=\"FR-FR\" data-contrast=\"auto\"><span class=\"NormalTextRun SCXW179094124 BCX0\">Our experts are trained and certified in all the relevant technologies.<\/span><\/span> <\/p>\n<\/div>[vc_empty_space]<div class=\"vc_row wpb_row vc_inner vc_row-fluid\"><div class=\"wpb_column vc_column_container col-xs-mobile-fullwidth vc_col-sm-2\"><div class=\"vc_column-inner\"><div class=\"wpb_wrapper\"><div class=\"wpb_single_image\">\n\t\t\t<figure class=\"wpb_wrapper vc_figure\">\n\t\t\t\t<div class=\"vc_single_image-wrapper  \"><img loading=\"lazy\" decoding=\"async\" width=\"172\" height=\"152\" src=\"https:\/\/www.videlio.com\/agences\/geneve-suisse\/wp-content\/uploads\/2021\/08\/4.png\" class=\"vc_single_image-img attachment-full\" alt=\"\" title=\"4\" srcset=\"https:\/\/www.videlio.com\/agences\/geneve-suisse\/wp-content\/uploads\/2021\/08\/4.png 172w, https:\/\/www.videlio.com\/agences\/geneve-suisse\/wp-content\/uploads\/2021\/08\/4-84x74.png 84w\" sizes=\"auto, (max-width: 172px) 100vw, 172px\" \/><\/div>\n\t\t\t<\/figure>\n\t\t\t\n\t\t<\/div><\/div><\/div><\/div><div class=\"wpb_column vc_column_container col-xs-mobile-fullwidth vc_col-sm-2\"><div class=\"vc_column-inner\"><div class=\"wpb_wrapper\"><div class=\"wpb_single_image\">\n\t\t\t<figure class=\"wpb_wrapper vc_figure\">\n\t\t\t\t<div class=\"vc_single_image-wrapper  \"><img loading=\"lazy\" decoding=\"async\" width=\"170\" height=\"152\" src=\"https:\/\/www.videlio.com\/agences\/geneve-suisse\/wp-content\/uploads\/2021\/08\/1.png\" class=\"vc_single_image-img attachment-full\" alt=\"\" title=\"1\" srcset=\"https:\/\/www.videlio.com\/agences\/geneve-suisse\/wp-content\/uploads\/2021\/08\/1.png 170w, https:\/\/www.videlio.com\/agences\/geneve-suisse\/wp-content\/uploads\/2021\/08\/1-84x75.png 84w\" sizes=\"auto, (max-width: 170px) 100vw, 170px\" \/><\/div>\n\t\t\t<\/figure>\n\t\t\t\n\t\t<\/div><\/div><\/div><\/div><div class=\"wpb_column vc_column_container col-xs-mobile-fullwidth vc_col-sm-2\"><div class=\"vc_column-inner\"><div class=\"wpb_wrapper\"><div class=\"wpb_single_image\">\n\t\t\t<figure class=\"wpb_wrapper vc_figure\">\n\t\t\t\t<div class=\"vc_single_image-wrapper  \"><img loading=\"lazy\" decoding=\"async\" width=\"172\" height=\"152\" src=\"https:\/\/www.videlio.com\/agences\/geneve-suisse\/wp-content\/uploads\/2021\/08\/2.png\" class=\"vc_single_image-img attachment-full\" alt=\"\" title=\"2\" srcset=\"https:\/\/www.videlio.com\/agences\/geneve-suisse\/wp-content\/uploads\/2021\/08\/2.png 172w, https:\/\/www.videlio.com\/agences\/geneve-suisse\/wp-content\/uploads\/2021\/08\/2-84x74.png 84w\" sizes=\"auto, (max-width: 172px) 100vw, 172px\" \/><\/div>\n\t\t\t<\/figure>\n\t\t\t\n\t\t<\/div><\/div><\/div><\/div><div class=\"wpb_column vc_column_container col-xs-mobile-fullwidth vc_col-sm-2\"><div class=\"vc_column-inner\"><div class=\"wpb_wrapper\"><div class=\"wpb_single_image\">\n\t\t\t<figure class=\"wpb_wrapper vc_figure\">\n\t\t\t\t<div class=\"vc_single_image-wrapper  \"><img loading=\"lazy\" decoding=\"async\" width=\"170\" height=\"152\" src=\"https:\/\/www.videlio.com\/agences\/geneve-suisse\/wp-content\/uploads\/2021\/08\/3.png\" class=\"vc_single_image-img attachment-full\" alt=\"\" title=\"3\" srcset=\"https:\/\/www.videlio.com\/agences\/geneve-suisse\/wp-content\/uploads\/2021\/08\/3.png 170w, https:\/\/www.videlio.com\/agences\/geneve-suisse\/wp-content\/uploads\/2021\/08\/3-84x75.png 84w\" sizes=\"auto, (max-width: 170px) 100vw, 170px\" \/><\/div>\n\t\t\t<\/figure>\n\t\t\t\n\t\t<\/div><\/div><\/div><\/div><div class=\"wpb_column vc_column_container col-xs-mobile-fullwidth vc_col-sm-2\"><div class=\"vc_column-inner\"><div class=\"wpb_wrapper\"><div class=\"wpb_single_image\">\n\t\t\t<figure class=\"wpb_wrapper vc_figure\">\n\t\t\t\t<div class=\"vc_single_image-wrapper  \"><img loading=\"lazy\" decoding=\"async\" width=\"720\" height=\"260\" src=\"https:\/\/www.videlio.com\/agences\/geneve-suisse\/wp-content\/uploads\/2021\/08\/sony.jpg\" class=\"vc_single_image-img attachment-full\" alt=\"\" title=\"sony\" srcset=\"https:\/\/www.videlio.com\/agences\/geneve-suisse\/wp-content\/uploads\/2021\/08\/sony.jpg 720w, https:\/\/www.videlio.com\/agences\/geneve-suisse\/wp-content\/uploads\/2021\/08\/sony-300x108.jpg 300w, https:\/\/www.videlio.com\/agences\/geneve-suisse\/wp-content\/uploads\/2021\/08\/sony-84x30.jpg 84w, https:\/\/www.videlio.com\/agences\/geneve-suisse\/wp-content\/uploads\/2021\/08\/sony-200x72.jpg 200w, https:\/\/www.videlio.com\/agences\/geneve-suisse\/wp-content\/uploads\/2021\/08\/sony-450x163.jpg 450w\" sizes=\"auto, (max-width: 720px) 100vw, 720px\" \/><\/div>\n\t\t\t<\/figure>\n\t\t\t\n\t\t<\/div><\/div><\/div><\/div><div class=\"wpb_column vc_column_container col-xs-mobile-fullwidth vc_col-sm-2\"><div class=\"vc_column-inner\"><div class=\"wpb_wrapper\"><div class=\"wpb_single_image\">\n\t\t\t<figure class=\"wpb_wrapper vc_figure\">\n\t\t\t\t<div class=\"vc_single_image-wrapper  \"><img loading=\"lazy\" decoding=\"async\" width=\"255\" height=\"72\" src=\"https:\/\/www.videlio.com\/agences\/geneve-suisse\/wp-content\/uploads\/2021\/08\/microsoft-p.png\" class=\"vc_single_image-img attachment-full\" alt=\"\" title=\"microsoft-p\" srcset=\"https:\/\/www.videlio.com\/agences\/geneve-suisse\/wp-content\/uploads\/2021\/08\/microsoft-p.png 255w, https:\/\/www.videlio.com\/agences\/geneve-suisse\/wp-content\/uploads\/2021\/08\/microsoft-p-84x24.png 84w, https:\/\/www.videlio.com\/agences\/geneve-suisse\/wp-content\/uploads\/2021\/08\/microsoft-p-200x56.png 200w\" sizes=\"auto, (max-width: 255px) 100vw, 255px\" \/><\/div>\n\t\t\t<\/figure>\n\t\t\t\n\t\t<\/div><\/div><\/div><\/div><\/div><\/div><\/div><\/div><\/section><section data-vc-full-width=\"true\" data-vc-full-width-init=\"false\" class=\"vc_row wpb_row vc_row-fluid  vc_custom_1628787038339   background-no-repeat bg-position-right-center wow fadeIn vc_row-has-fill hongo-stretch-content hongo-stretch-row-container\"><div class=\"wpb_column vc_column_container col-xs-mobile-fullwidth vc_col-sm-10\"><div class=\"vc_column-inner\"><div class=\"wpb_wrapper\"><div class=\"vc_row wpb_row vc_inner vc_row-fluid  vc_custom_1627995898490 vc_row-has-fill\"><div class=\"wpb_column vc_column_container col-xs-mobile-fullwidth vc_col-sm-12 text-right sm-text-right\"><div class=\"vc_column-inner\"><div class=\"wpb_wrapper\">[vc_empty_space]<div class=\"text-block-content hongo-text-block-3 vc_custom_1630663678679 last-paragraph-no-margin\"><p>Videlio\u2019s dedicated skill centers guarantee you services and systems suitable for the various audiovisual problems that you may encounter in your company; with specialist contacts and professionals: coworking, audio-video integration, building management, post-production, events, media, etc.<\/p>\n<\/div>[vc_empty_space]<div class=\"hongo-featurebox-wrap hongo-product-featurebox hongo-product-featurebox-2 product_featurebox2-1\"><div class=\"hongo-featurebox-wrapper\"><div class=\"hongo-featurebox-img\"><a href=\"https:\/\/www.videlio.com\/agences\/geneve-suisse\/en\/group\/about-us\/\"><img loading=\"lazy\" decoding=\"async\" width=\"450\" height=\"496\" src=\"https:\/\/www.videlio.com\/agences\/geneve-suisse\/wp-content\/uploads\/2021\/08\/fleche.png\" class=\"\" alt=\"\" title=\"\" srcset=\"https:\/\/www.videlio.com\/agences\/geneve-suisse\/wp-content\/uploads\/2021\/08\/fleche.png 450w, https:\/\/www.videlio.com\/agences\/geneve-suisse\/wp-content\/uploads\/2021\/08\/fleche-272x300.png 272w, https:\/\/www.videlio.com\/agences\/geneve-suisse\/wp-content\/uploads\/2021\/08\/fleche-84x93.png 84w, https:\/\/www.videlio.com\/agences\/geneve-suisse\/wp-content\/uploads\/2021\/08\/fleche-200x220.png 200w\" sizes=\"auto, (max-width: 450px) 100vw, 450px\" \/><\/a><\/div><div class=\"hongo-featurebox-text hongo_font_1632907172061 alt-font\"><a href=\"https:\/\/www.videlio.com\/agences\/geneve-suisse\/en\/group\/about-us\/\" class=\"hongo-title-link hongo_font_1632907172061 alt-font\">Discover Videlio skills<\/a><\/div><\/div><\/div><\/div><\/div><\/div><\/div><\/div><\/div><\/div><div class=\"wpb_column vc_column_container col-xs-mobile-fullwidth vc_col-sm-2\"><div class=\"vc_column-inner\"><div class=\"wpb_wrapper\"><\/div><\/div><\/div><\/section><div class=\"vc_row-full-width vc_clearfix\"><\/div>\n<\/div>","protected":false},"excerpt":{"rendered":"Services Les experts Videlio vous accompagnent dans toutes les \u00e9tapes de vos r\u00e9flexions et projets. L'ensemble des services propos\u00e9s a pour objectif de faciliter et enrichir l'exp\u00e9rience des solutions d\u00e9ploy\u00e9es pour les utilisateurs Services Videlio experts support you at all stages of your thoughts and projects. All the services proposed aim to facilitate and enrich the experience of the systems deployed for users. Support with the changesHelp your users in getting started with the systems made available to them - and promote adoption.HotlineUser assistanceVia chat or email, or through a hotline, assist your users to promote their productivity and let them concentrate on the essentials.AdviceSupport you upstream of your audiovisual, transmission and post-production projects and put our experience and our experts at your service.DeploymentQualified and experienced teams to manage logistics: material supply, on-site delivery, programming, configuration and on-site installation while ensuring the integration of information systems.Staff delegationDelegated servicesFacilitate the operation of your site and its maintenance with a team of nomadic technicians at the disposal of your users.EngineeringVidelio experts support you in designing the systems that best meet your challenges: synoptic, architecture, application development, configuration, etc.Managed servicesEquipment management and supervision.TrainingA training organization for your teams: video, audio, lighting, post-production, etc.Certifications...","protected":false},"author":17,"featured_media":0,"parent":0,"menu_order":0,"comment_status":"closed","ping_status":"closed","template":"","meta":{"footnotes":""},"class_list":["post-103243","page","type-page","status-publish","hentry"],"acf":[],"_links":{"self":[{"href":"https:\/\/www.videlio.com\/agences\/geneve-suisse\/wp-json\/wp\/v2\/pages\/103243","targetHints":{"allow":["GET"]}}],"collection":[{"href":"https:\/\/www.videlio.com\/agences\/geneve-suisse\/wp-json\/wp\/v2\/pages"}],"about":[{"href":"https:\/\/www.videlio.com\/agences\/geneve-suisse\/wp-json\/wp\/v2\/types\/page"}],"author":[{"embeddable":true,"href":"https:\/\/www.videlio.com\/agences\/geneve-suisse\/wp-json\/wp\/v2\/users\/17"}],"replies":[{"embeddable":true,"href":"https:\/\/www.videlio.com\/agences\/geneve-suisse\/wp-json\/wp\/v2\/comments?post=103243"}],"version-history":[{"count":0,"href":"https:\/\/www.videlio.com\/agences\/geneve-suisse\/wp-json\/wp\/v2\/pages\/103243\/revisions"}],"wp:attachment":[{"href":"https:\/\/www.videlio.com\/agences\/geneve-suisse\/wp-json\/wp\/v2\/media?parent=103243"}],"curies":[{"name":"wp","href":"https:\/\/api.w.org\/{rel}","templated":true}]}}