{"id":102318,"date":"2021-08-25T14:19:41","date_gmt":"2021-08-25T12:19:41","guid":{"rendered":"https:\/\/videlio2021.pacom1.com\/?page_id=102318"},"modified":"2021-08-25T14:19:55","modified_gmt":"2021-08-25T12:19:55","slug":"nos-cgv","status":"publish","type":"page","link":"https:\/\/www.videlio.com\/agences\/geneve-suisse\/nos-cgv\/","title":{"rendered":"Conditions g\u00e9n\u00e9rales de vente"},"content":{"rendered":"<p>Tous nos Devis, commandes, Factures et Relations Commerciales sont r\u00e9gis par nos Conditions G\u00e9n\u00e9rales de vente. Le Prospect ou le Client reconna\u00eet en avoir pris connaissance et les approuver formellement sans aucune r\u00e9serve.<\/p>\n<p>Sauf stipulation contraire, pr\u00e9cis\u00e9e dans un accord particulier entre les parties, les commandes qui nous sont remises sont soumises, sans exception, \u00e0 nos conditions g\u00e9n\u00e9rales de vente qui sont r\u00e9put\u00e9es avoir \u00e9t\u00e9 accept\u00e9es formellement.<\/p>\n","protected":false},"excerpt":{"rendered":"<p>Tous nos Devis, commandes, Factures et Relations Commerciales sont r\u00e9gis par nos Conditions G\u00e9n\u00e9rales de vente. Le Prospect ou le Client reconna\u00eet en avoir pris connaissance et les approuver formellement sans aucune r\u00e9serve. Sauf stipulation contraire, pr\u00e9cis\u00e9e dans un accord particulier entre les parties, les commandes qui nous sont remises sont soumises, sans exception, \u00e0 nos conditions g\u00e9n\u00e9rales de vente qui sont r\u00e9put\u00e9es avoir \u00e9t\u00e9 accept\u00e9es formellement.<\/p>\n","protected":false},"author":1,"featured_media":0,"parent":0,"menu_order":0,"comment_status":"closed","ping_status":"closed","template":"","meta":{"footnotes":""},"class_list":["post-102318","page","type-page","status-publish","hentry"],"acf":[],"_links":{"self":[{"href":"https:\/\/www.videlio.com\/agences\/geneve-suisse\/wp-json\/wp\/v2\/pages\/102318","targetHints":{"allow":["GET"]}}],"collection":[{"href":"https:\/\/www.videlio.com\/agences\/geneve-suisse\/wp-json\/wp\/v2\/pages"}],"about":[{"href":"https:\/\/www.videlio.com\/agences\/geneve-suisse\/wp-json\/wp\/v2\/types\/page"}],"author":[{"embeddable":true,"href":"https:\/\/www.videlio.com\/agences\/geneve-suisse\/wp-json\/wp\/v2\/users\/1"}],"replies":[{"embeddable":true,"href":"https:\/\/www.videlio.com\/agences\/geneve-suisse\/wp-json\/wp\/v2\/comments?post=102318"}],"version-history":[{"count":0,"href":"https:\/\/www.videlio.com\/agences\/geneve-suisse\/wp-json\/wp\/v2\/pages\/102318\/revisions"}],"wp:attachment":[{"href":"https:\/\/www.videlio.com\/agences\/geneve-suisse\/wp-json\/wp\/v2\/media?parent=102318"}],"curies":[{"name":"wp","href":"https:\/\/api.w.org\/{rel}","templated":true}]}}